
Let z be (-1215)/(-675) - 446/(-5). What is the highest common factor of 52 and z?
13
Let c be 0 - 0 - (-3 + 1). Suppose q - z = 4*z + 38, -q = -c*z - 23. Let t be (-8)/76 + (3 - 878/(-38)). What is the greatest common factor of q and t?
13
Let a = 1072 + -827. Calculate the highest common factor of a and 392.
49
Let p(d) = 2*d - 14. Let v be p(8). Suppose -v*l = k - 14, -39 = -3*k - 0*k - 5*l. Calculate the highest common factor of k and 104.
8
Let g = 94 + -71. Let l = g + -12. Calculate the greatest common factor of 11 and l.
11
Let n be ((7/(-2))/1)/(23/(-322)). Let h = 67 - n. Calculate the greatest common divisor of h and 54.
18
Let y = -15 - -13. Let u be 3/2 - 3/y. Let z be 10 - u - (-2)/(-2). Calculate the greatest common factor of z and 3.
3
Let g be 1/5 + (-12792)/(-40). Let a = g - 184. What is the highest common factor of 34 and a?
34
Let j = 490 + 486. What is the greatest common divisor of 16 and j?
16
Let b be (-6 - -10)/(14/413). Calculate the greatest common divisor of b and 59.
59
Let v = 83 + -54. Let h = 16 + v. Calculate the greatest common factor of h and 10.
5
Suppose -4 = a - 2. Let u = 3 + a. Let n = -15 + 22. Calculate the greatest common factor of u and n.
1
Let y = -2 + 3. Let p = -2992 + 3001. What is the greatest common factor of y and p?
1
Suppose -24 = -i + 2*i. Suppose 4*s + 308 = 8*s + 5*n, 4*s = 3*n + 276. Let x be i/84 - s/(-7). Calculate the highest common factor of 10 and x.
10
Let y be (12/(-8))/(6/8). Let h(j) = -50*j - 1. Let g be h(y). What is the highest common divisor of g and 33?
33
Let h(r) = r**3 + 16*r**2 - 19*r + 13. Let z be (-17)/(-4)*3/(6/(-8)). Let i be h(z). What is the highest common factor of 235 and i?
47
Let p = 73 - 16. Let c = p + 143. Calculate the greatest common divisor of 25 and c.
25
Suppose -m = k - 26, 31 = 4*k + 2*m - 77. Let j be (-8 - -2)*(-4)/6. Suppose j*v = 42 - 14. Calculate the highest common divisor of v and k.
7
Suppose 4*l - 72 = 2*l. Calculate the highest common divisor of 4 and l.
4
Suppose 0 = -0*t - 10*t + 1440. What is the highest common factor of t and 32?
16
Suppose -2*w = 18*w - 2280. What is the greatest common factor of 266 and w?
38
Suppose l - 1427 - 829 = 0. Calculate the greatest common divisor of 16 and l.
16
Let o be (-32)/(-2) + 0 - 1. Let s(x) = 3*x**3 + x**2 + 9. Let r be s(0). Calculate the greatest common divisor of o and r.
3
Let y = 122 + -117. Calculate the highest common divisor of y and 25.
5
Suppose -i + 1 - 2 = 0. Let z be (98 + i + 3)/1. Let r(k) = -k**2 + k + 20. Let m be r(0). Calculate the highest common factor of m and z.
20
Let o = -6 - 17. Let w = 77 + o. Suppose j + 4*d - 17 = 6*d, j + 3*d = -3. What is the greatest common factor of w and j?
9
Suppose -2*z + 3*z - 32 = -5*x, 3*x = z - 48. Suppose g + g = z. Suppose 3*o - 43 = 83. Calculate the greatest common factor of g and o.
21
Let f(m) = 2 + 7*m - m**2 - 2 - 2. Let h be (24/20)/((2/(-5))/(-2)). Let x be f(h). What is the greatest common factor of x and 24?
4
Let b(m) = 2*m**3 - 2*m**2 - 2*m + 2. Let o be b(2). Let c be (2 + -3)*112/8. Let u = c - -23. Calculate the highest common divisor of o and u.
3
Suppose 0 = -7*r + 5*r + 12. Suppose -q = q + l + 129, -324 = 5*q + l. Let c = q + 95. What is the highest common divisor of c and r?
6
Let n be -1018*(-2)/10 - 6/(-15). Calculate the greatest common divisor of 68 and n.
68
Let h be (-10201)/(-7) - -4*(-3)/42. Suppose 17*q = h + 447. What is the highest common divisor of q and 8?
8
Suppose 182 = -5*a + 557. Calculate the highest common factor of a and 725.
25
Let k be (2/5)/(2/40). Let z = 132 + 38. Let t be 14940/z - (-4)/34. Calculate the greatest common divisor of k and t.
8
Let c = -106 - 43. Let q be c/(-7) - (-2)/(-7). Let y be 435/q + 10/35. What is the highest common divisor of y and 231?
21
Suppose -246 = 304*q - 2070. Let l be ((-3)/(-6))/(2/12). What is the highest common divisor of l and q?
3
Let m(k) = -17*k + 22. Let v be m(-2). Calculate the greatest common factor of v and 896.
56
Let d = 250 - 185. Calculate the greatest common factor of 10 and d.
5
Let v be 33/(2 + -1 + 0). Suppose -3*o - 140 = 4*o. Let q(b) = -b**3 - 19*b**2 + 9*b + 11. Let k be q(o). Calculate the greatest common factor of v and k.
33
Suppose 5*x = -r + 14, 0 = -5*r - 7*x + 2*x + 30. Let g = r - 2. Suppose -g*q - 2*q - 35 = -3*n, 2*q = -4*n + 32. What is the highest common factor of n and 99?
9
Suppose -3*c - 4*v - 15 = -v, 0 = -4*c + 3*v - 41. Let x be (-6)/c - 90/(-72). What is the highest common factor of x and 2?
2
Let o be (2 + 1/(-2))/((-11)/(-550)). Suppose -5*g = -2*g - o. Calculate the highest common divisor of g and 10.
5
Suppose -23 = -5*u - 8. Suppose -4*n - 4 + 61 = -3*p, 5*n = u*p + 72. What is the greatest common divisor of n and 10?
5
Let o be (-2)/4 + 780/(-8). Let h be (-2)/(-3) - o/42. Suppose 0 = -h*z + z + 4*g + 66, 5*z + 2*g - 129 = 0. What is the greatest common divisor of 27 and z?
27
Suppose 7 = -3*k + 2*k. Let y = k - -15. Suppose 4*j + 5 = -u + 61, -172 = -4*u - 3*j. What is the greatest common divisor of u and y?
8
Let w(u) = -u - 1. Let d be w(-4). Suppose d*m - 154 = 206. What is the greatest common divisor of 15 and m?
15
Let m be (-27)/18*8/(-3). Let d be (10/m)/((-5)/(-12)). What is the highest common factor of d and 48?
6
Let x(i) = -7*i + 267. Let m be x(35). What is the highest common divisor of m and 88?
22
Let k(v) be the first derivative of 9*v**2/2 - 2*v - 48. Let j(w) = -2*w - 6. Let i be j(-4). Let u be k(i). What is the highest common factor of 16 and u?
16
Suppose 33*t - 37 + 4 = 0. Calculate the greatest common divisor of 15 and t.
1
Suppose 25*t - 7*t - 504 = 0. What is the greatest common divisor of t and 21?
7
Let h(f) = f + 19. Let y be h(-9). Let x = 147 - 127. Suppose 5*o = -x, -3*n + 4*o + y = -42. Calculate the highest common factor of n and 108.
12
Let s be (-1)/2*(2 - 0). Let v be (-4 - 4)/(1*s). Calculate the highest common divisor of v and 6.
2
Let j be -1 + (-9)/6*-10. Let r(g) = g**2 - 2*g - 34. Let k be r(-6). Calculate the greatest common divisor of j and k.
14
Let h = 6 - 1. Suppose -8*r + 28 = -300. Suppose r = 2*k + 4*v + 7, -70 = -h*k - 5*v. Calculate the greatest common factor of 44 and k.
11
Let x(f) = f**2 + 9*f + 9. Let i be x(-6). Let y be ((-396)/(-30))/(6/(-20)). Let h be (y/6)/(2/i). What is the highest common divisor of h and 3?
3
Suppose 7*y - 2*y = 360. Suppose 0 = -53*w + 49*w + y. What is the greatest common divisor of w and 3?
3
Let u = 162 - -139. What is the greatest common divisor of u and 43?
43
Let i(j) = -j - 6. Let h(s) = -s**2 - 7*s - 8. Let g be h(-7). Let n be i(g). Suppose 110*k = 114*k - 64. What is the highest common factor of k and n?
2
Let r(l) = -14*l + 7. Let a be r(-7). Suppose 0*h - 7*h + a = 0. Calculate the greatest common factor of h and 6.
3
Let q(x) = -x**2 + 6*x - 3. Let n be q(4). Calculate the greatest common factor of 2 and n.
1
Let p be (8 + 8)*(-14)/(-7). Calculate the greatest common divisor of p and 2.
2
Suppose -3*u + v + 1 = 0, 1 = -2*u - 9*v + 10*v. Calculate the greatest common factor of u and 22.
2
Suppose -t - 175 = -3*t + 5*r, -3*t = 2*r - 215. What is the highest common divisor of 975 and t?
75
Suppose 1311 = 30*k - 11*k. Calculate the highest common divisor of k and 46.
23
Let g(q) = -q - 1. Let a(p) = -11. Let m(w) = -a(w) + g(w). Let i be m(-12). What is the greatest common divisor of 11 and i?
11
Let w be -13 + 16 - (-26)/2. Suppose -w = -6*j + 2*j. Calculate the greatest common divisor of 8 and j.
4
Let u(t) = -t**3 - 3*t**2 - 4*t + 12. Let k be u(-4). Calculate the greatest common divisor of 8 and k.
4
Let b(g) = -60*g + 84. Let m be b(-5). What is the highest common factor of m and 144?
48
Let t(u) = -u**3 - 5*u**2 + u + 4. Let q be t(-5). Let l = 7 - q. Let p be 308/16 + 6/l. What is the highest common divisor of p and 4?
4
Suppose -5*t = -t - 48. Let v(b) = -b**2 - 55*b - 94. Let j be v(-53). Calculate the greatest common divisor of t and j.
12
Let v = -25 - -88. Let l be v/3*20/3. Calculate the highest common divisor of 56 and l.
28
Let b = -462 + 1002. Calculate the highest common divisor of 450 and b.
90
Let w = -24 + 29. Suppose -w*h = -2*h - 39. What is the highest common divisor of 117 and h?
13
Let v(r) = 